
25
Let z(f) = -f**3 - 7*f**2 + 10*f + 34. Determine z(-6).
-62
Let a(j) = -j**3 - 9*j**2 - 6*j + 12. Calculate a(-8).
-4
Let z(k) = -2*k**2 - 14*k - 10. Give z(-9).
-46
Let k(g) = g**2 - 6*g + 10. What is k(5)?
5
Let k(q) = 7*q + 15. What is k(6)?
57
Let t(x) = -x**3 - 12*x**2 - 32*x + 16. Calculate t(-7).
-5
Let l(b) = 9*b**3 - 4*b**2 + 4*b - 2. Give l(2).
62
Let c(l) = -l**2 - 17*l - 67. Determine c(-9).
5
Let c(z) = z**3 + 64*z**2 - 65*z + 7. Calculate c(-65).
7
Let z(m) = -2*m**2 - 43*m - 34. Give z(-21).
-13
Let w(p) = -9*p + 7. Determine w(3).
-20
Let u(v) = 5*v - 32. Give u(-6).
-62
Let l(v) = v**3 + 19*v**2 + 33*v - 10. What is l(-17)?
7
Let b(j) = j**2 - 5*j - 10. Determine b(9).
26
Let k(s) = -6*s. What is k(3)?
-18
Let s(c) = c**2 - 11*c + 24. Calculate s(6).
-6
Let a(k) = -3*k - 8. Determine a(3).
-17
Let t(a) = a**3 + 12*a**2 - a - 5. Calculate t(-12).
7
Let u(b) = 4*b + 2. Calculate u(7).
30
Let r(z) = -z**2 + 8*z + 7. Give r(6).
19
Let o(s) = s**3 - 2*s**2 - 2*s + 5. Give o(2).
1
Let g(i) = i**3 + 2*i**2 + 3*i. Determine g(-2).
-6
Let d(b) = -7*b**2 - b + 5. Determine d(2).
-25
Let n(o) = o**3 - 5*o**2 - o + 7. Determine n(4).
-13
Let t(h) = -h**2 - 17*h - 25. Determine t(-11).
41
Let d(t) = -t**2 - 2*t - 12. What is d(-8)?
-60
Let v(g) = 4*g + 11. Determine v(-4).
-5
Let u(l) = -l**3 + 18*l**2 + 22*l - 65. Calculate u(19).
-8
Let d(i) = -27*i - 186. Calculate d(-6).
-24
Let o(h) = h**2 + 5*h - 5. Calculate o(2).
9
Let m(g) = 5*g + 55. Calculate m(-9).
10
Let h(l) = -22*l - 244. What is h(-11)?
-2
Let g(j) = 35*j + 137. Calculate g(-4).
-3
Let p(j) = -3*j**2 + 25*j + 5. Calculate p(9).
-13
Let r(c) = 2*c**3 - 22*c**2 - 23*c - 10. What is r(12)?
2
Let q(o) = -o**3 - 7*o**2 - 2*o + 6. Calculate q(-6).
-18
Let x(p) = p**2 + p - 28. Calculate x(-6).
2
Let h(p) = 5*p + 13. Determine h(-3).
-2
Let j(m) = m**3 + 13*m**2 + 10*m - 8. Calculate j(-12).
16
Let u(h) = -h**2 + 15*h + 23. Determine u(16).
7
Let c(y) = 21*y + 10. Determine c(3).
73
Let b(u) = -u**3 + 4*u**2 + 6*u - 6. Give b(4).
18
Let j(r) = r - 1. Calculate j(1).
0
Let v(w) = -4*w - 184. Calculate v(-45).
-4
Let h(n) = -2*n**3 - 7*n**2 - 3*n + 3. Determine h(-3).
3
Let j(v) = v**3 + 40*v**2 + 75*v - 30. Determine j(-38).
8
Let r(i) = 2*i**2 - 4*i - 10. Determine r(-2).
6
Let x(c) = -3*c - 19. Determine x(-6).
-1
Let t(v) = -v**3 - 22*v**2 + 25*v + 41. What is t(-23)?
-5
Let i(s) = s**2 - 16*s + 16. Determine i(15).
1
Let j(d) = -d**3 - 3*d**2 - 5*d - 7. Calculate j(-3).
8
Let z(f) = f**2 - 5*f + 5. Give z(6).
11
Let t(a) = a**3 - 9*a**2 - 37*a + 10. What is t(12)?
-2
Let h(m) = m**3 + 4*m**2 - 3*m - 4. Determine h(3).
50
Let l(x) = 4*x - 44. Calculate l(19).
32
Let q(f) = f**3 + 5*f**2 - 5*f + 1. Determine q(-6).
-5
Let w(c) = -c**3 - 34*c**2 - 17. What is w(-34)?
-17
Let z(l) = -l**3 + 8*l**2 - 11*l + 15. Calculate z(7).
-13
Let h(v) = -10*v**2 + 2*v + 2. What is h(-1)?
-10
Let p(s) = s**3 + 11*s**2 + 20. What is p(-10)?
120
Let i(t) = 39*t**2 + t - 1. Give i(1).
39
Let a(x) = -x**2 - 4*x. Determine a(0).
0
Let n(y) = -3*y**3 + 29*y**2 - 23*y + 42. Give n(9).
-3
Let v(s) = 3*s - 58. Give v(19).
-1
Let s(p) = -p**3 - 45*p**2 + 197*p + 27. What is s(-49)?
-22
Let q(k) = 12*k + 106. Determine q(-9).
-2
Let t(x) = x**3 - 8*x**2 + 5*x + 20. Determine t(7).
6
Let y(o) = o**3 + 3*o**2 - o + 1. What is y(-3)?
4
Let r(p) = -p**2 + 4*p + 11. What is r(7)?
-10
Let b(k) = k**2 - k + 3. Determine b(1).
3
Let n(m) = -2*m**3 + 8*m**2 + 17*m + 40. Calculate n(6).
-2
Let w(c) = -3*c**2 - 13*c - 37. Give w(-5).
-47
Let r(h) = 41*h + 4. What is r(-2)?
-78
Let a(g) = -g**3 + 16*g**2 - 27*g - 17. Determine a(14).
-3
Let t(n) = n**3 + 10*n**2 + 7*n - 8. Calculate t(-9).
10
Let i(w) = -w**3 + 6*w**2 + 4*w. Give i(3).
39
Let p(t) = -t**3 - 94*t**2 - 98*t - 469. What is p(-93)?
-4
Let y(u) = -u**3 + 16*u**2 - 16*u + 4. What is y(15)?
-11
Let u(l) = 30*l + 4. Determine u(0).
4
Let w(h) = -4*h**3 + 4*h**2 - 2*h - 1. Determine w(2).
-21
Let j(d) = 6*d - 9. Calculate j(5).
21
Let d(k) = -3*k - 30. Calculate d(-8).
-6
Let p(a) = -a**2 + 5*a + 10. Calculate p(-6).
-56
Let l(p) = p**2 + 6*p + 4. What is l(-6)?
4
Let y(c) = 8*c - 94. Give y(11).
-6
Let y(p) = p**2 + 20*p + 66. What is y(-15)?
-9
Let x(p) = -p**3 - 7*p**2 - p - 10. Calculate x(-9).
161
Let z(w) = w**3 + w**2 - 3*w + 3. Determine z(-3).
-6
Let l(c) = -c**3 - c**2 + 7*c - 1. Give l(-3).
-4
Let r(x) = -x**3 - 9*x**2 + 13*x - 10. What is r(-10)?
-40
Let m(i) = i**3 - 2*i**2 + 3*i - 3. Determine m(4).
41
Let c(j) = 12*j - 7. What is c(1)?
5
Let h(w) = -w**2 - w + 4. Calculate h(3).
-8
Let h(f) = 7*f + 4. Determine h(-2).
-10
Let o(j) = -j**3 + 8*j**2 - 11*j - 2. Give o(7).
-30
Let w(q) = -q**2 - 8*q - 9. Determine w(-5).
6
Let x(w) = 40*w - 76. What is x(2)?
4
Let x(w) = -w**2 - 8*w + 3. Calculate x(6).
-81
Let k(j) = 3*j - 10. Determine k(7).
11
Let l(w) = -w**3 - 17*w**2 + 17*w - 11. Give l(-18).
7
Let c(n) = n**2 - 20*n + 41. Determine c(18).
5
Let t(m) = -m - 4. Determine t(24).
-28
Let k(s) = -s + 1. What is k(11)?
-10
Let s(n) = -n**3 - 26*n**2 + 3*n + 90. What is s(-26)?
12
Let v(n) = -n**2 + 2*n + 3. What is v(-2)?
-5
Let h(y) = -12*y**3 + y**2 - 1. Determine h(-1).
12
Let g(i) = -i**3 - 16*i**2 + 4*i + 29. Determine g(-16).
-35
Let n(j) = j**3 + 12*j**2 + 19*j + 13. Give n(-10).
23
Let v(n) = -4*n**2 - n - 1. Give v(-1).
-4
Let l(y) = -6*y**2 + 8*y - 7. What is l(2)?
-15
Let j(f) = f**3 - 12*f**2 + 26. What is j(12)?
26
Let b(f) = -2*f**3 - 3*f**2 - 2*f + 1. Give b(-1).
2
Let f(m) = -m**2 + 8*m - 3. Give f(7).
4
Let x(m) = m**2 - 12*m + 44. What is x(5)?
9
Let d(u) = 12*u + 31. Give d(-6).
-41
Let f(c) = -5*c**2 + 15*c + 23. Give f(-4).
-117
Let s(u) = 2*u**2 + 38*u + 182. What is s(-12)?
14
Let l(q) = 11*q - 6. Calculate l(4).
38
Let l(m) = -2*m**2 + 37*m - 20. Calculate l(18).
-2
Let p(y) = -2*y**2 - 4*y - 2. Determine p(-3).
-8
Let l(m) = 2*m - 3. Give l(-4).
-11
Let z(v) = v**2 + v + 4. Calculate z(3).
16
Let s(f) = -f**2 + 8*f - 1. Give s(7).
6
Let c(k) = k**2 - 3*k - 20. Give c(-4).
8
Let x(v) = 7*v - 38. What is x(-5)?
-73
Let b(k) = -k**2 + 19*k - 23. Give b(17).
11
Let c(j) = -11*j + 255. Determine c(25).
-20
Let v(s) = s**3 + 2*s**2 + s + 7. What is v(-3)?
-5
Let s(y) = 7*y - 2. Calculate s(2).
12
Let u(v) = -4*v - 7. Give u(-6).
17
Let g(b) = -b - 1. Give g(-15).
14
Let n(p) = 6*p + 5. Determine n(12).
77
Let z(c) = -30*c + 196. Determine z(8).
-44
Let j(r) = -r**3 - 4*r**2 - 6*r - 3. What is j(-2)?
1
Let v(i) = i - 5. Determine v(8).
3
Let n(t) = -2*t**3 - 4*t**2 - 3*t + 4. Determine n(-3).
31
Let f(w) = 2*w**3 + 5*w**2 + 3*w + 1. What is f(-3)?
-17
Let q(c) = 3*c**2 - 3*c + 3. Determine q(3).
21
Let m(a) = -a**3 - 16*a**2 + 19*a + 37. What is m(-17)?
3
Let k(c) = -c**3 + 10*c**2 + 13*c - 18. What is k(11)?
4
Let v(m) = -7*m + 4. Give v(2).
-10
Let p(z) = -z + 6. Give p(-12).
18
Let h(x) = -x + 12. What is h(7)?
5
Let t(j) = -15*j + 4. Give t(0).
4
Let c(x) = -2*x - 17. What is c(-6)?
-5
Let k(o) = -2*o**3 - o**2 - o. What is k(-1)?
2
Let h(f) = -f**2 - 12*f - 36. Calculate h(-7).
-1
Let i(r) = -r**3 - 12*r**2 - 11*r + 22. Calculate i(-10).
-68
Let m(j) = -116*j**2 + 4*j - 2. Calculate m(1).
-114
Let q(l) = -l**3 - 9*l**2 - 7*l. Give q(-8).
-8
Let j(d) = 17*d**2 - 9*d + 12. What is j(2)?
62
Let y(z) = 2*z + 57. Determine y(-26).
5
Let r(y) = y**3 - 6*y**2 + y - 1. What is r(5)?
-21
Let t(a) = -a**3 - 6*a**2 + 6*a + 5. Give t(-7).
12
Let s(h) = -h**3 - h**2 - 2. What is s(-4)?
46
Let w(f) = -f**3 + 6*f**2 - 3*f + 5. Give w(5).
15
Let a(j) = j**3 + 19*j**2 - 19*j + 44. Give a(-20).
24
Let p(k) = 4*k**2 + 4*k - 12. Calculate p(5).
108
Let g(j) = -j**2 - 6*j + 1. Calculate g(-4).
9
Let c(g) = -g**3 + 7*g**2 - g + 4. What is c(7)?
-3
Let q(m) = -11*m**2 - 23*m - 23. Determine q(-1).
-11
Let g(u) = 8*u**2 - 17*u - 19. Give g(-1).
6
Let p(v) = v**3 - 30*v**2 - 32*v + 24. Give p(31).
-7
Let s(l) = l**2 - l - 5. Determine s(2).
-3
Let w(b) = -b**3 - 12*b**2 - 8*b + 41. Give w(-11).
8
Let v(u) = u**2 - u - 18. Give v(5).
2
Let d(q) = 2*q**3 + 23*q**2 - 37*q + 25. What is d(-13)?
-1
Let f(j) = -6*j**2 - j - 15. What is f(-3)?
-66
Let r(q) = -39*q - 145. What is r(-4)?
11
Let k(p) = p**3 + 7*p**2 - p + 6. Determine k(-7).
13
Let k